er?
True
Is 20834100773 a prime number?
False
Is 3467301749 prime?
True
Is 39558901511 a prime number?
True
Is 17090138531 composite?
False
Is 2312802307 a composite number?
False
Is 7127034227 prime?
True
Is 188502857135 a prime number?
False
Is 4329240977 a composite number?
False
Is 6025882717 composite?
False
Is 5498765035 composite?
True
Is 4621078901 prime?
False
Is 49614260237 composite?
True
Is 1210461391 prime?
True
Is 2790123911 a composite number?
False
Is 80499781 prime?
True
Is 5450938477 a prime number?
True
Is 1501901395 prime?
False
Is 1658498731 a prime number?
True
Is 9386380273 prime?
True
Is 88727979631 prime?
True
Is 4040332267 prime?
False
Is 2891053037 prime?
True
Is 126701479 composite?
True
Is 6145949959 a composite number?
False
Is 3823737349 a composite number?
True
Is 31824043 a composite number?
False
Is 17315908657 prime?
True
Is 30467219779 a prime number?
True
Is 1019298421 a prime number?
False
Is 3957803203 a composite number?
False
Is 89933117 a composite number?
False
Is 16104013 composite?
False
Is 262187722 a prime number?
False
Is 1400458547 composite?
True
Is 85901951 prime?
True
Is 1003714141 prime?
True
Is 2128662079 a composite number?
False
Is 59137222763 composite?
False
Is 21805183187 a prime number?
True
Is 6376112269 composite?
False
Is 10736702083 composite?
False
Is 5351558101 a composite number?
True
Is 2774906899 composite?
False
Is 7264868051 prime?
False
Is 6951879659 a prime number?
True
Is 17704454567 a prime number?
True
Is 48758398699 a composite number?
False
Is 5378755381 composite?
False
Is 5287141889 a composite number?
False
Is 9029141929 a prime number?
True
Is 130872236485 a composite number?
True
Is 1788009791 composite?
True
Is 111210431 a composite number?
False
Is 91156235111 a prime number?
True
Is 77681996155 composite?
True
Is 883416367 a composite number?
True
Is 470024777 a composite number?
True
Is 2819589979 prime?
True
Is 10210851067 a composite number?
False
Is 3329813921 composite?
True
Is 3861721843 composite?
True
Is 16758859531 a composite number?
False
Is 402223604177 a prime number?
False
Is 60370954067 a composite number?
True
Is 588392503 a composite number?
True
Is 53737239043 a composite number?
False
Is 3881624629 prime?
True
Is 133566390341 prime?
True
Is 41813470235 a prime number?
False
Is 8240647049 composite?
False
Is 613412047 prime?
False
Is 228517246 composite?
True
Is 9440230367 prime?
False
Is 9772996901 a prime number?
False
Is 1440823091 a composite number?
False
Is 1944329111 a prime number?
False
Is 6083075407 a prime number?
False
Is 1495423555 a prime number?
False
Is 1432103593 a prime number?
True
Is 397235129 composite?
True
Is 49483915303 a composite number?
True
Is 5106883091 a composite number?
True
Is 44507390093 a composite number?
False
Is 168669492163 a prime number?
False
Is 4832906699 a composite number?
False
Is 6640140929 a composite number?
False
Is 13128754685 a prime number?
False
Is 207236347 prime?
True
Is 31920466097 a prime number?
False
Is 8972182699 a composite number?
False
Is 33089411741 a composite number?
False
Is 20863247 prime?
True
Is 5074208053 prime?
True
Is 210788893583 composite?
False
Is 55340269 composite?
True
Is 411179537 a composite number?
False
Is 3141751279 a composite number?
True
Is 37690454513 a composite number?
False
Is 7596509441 prime?
True
Is 14216844067 prime?
True
Is 62611094803 composite?
False
Is 53706361 a composite number?
False
Is 1015330051 prime?
True
Is 2272868869 a composite number?
False
Is 8244169 composite?
False
Is 35360225749 a composite number?
True
Is 13300117447 composite?
True
Is 11923648697 prime?
False
Is 30054457618 prime?
False
Is 37303818997 composite?
False
Is 402394054 a composite number?
True
Is 5566725419 prime?
True
Is 11725341157 a composite number?
False
Is 2512061689 composite?
True
Is 623417521 a composite number?
True
Is 44204626418 a composite number?
True
Is 1606824019 a composite number?
False
Is 804882059 a prime number?
True
Is 108154178503 composite?
True
Is 28034925623 a prime number?
True
Is 6944721677 a prime number?
True
Is 11713012235 prime?
False
Is 1847373887 composite?
False
Is 49364914691 composite?
False
Is 756777241 composite?
True
Is 622325173 a prime number?
False
Is 3268895989 prime?
True
Is 308772041 a prime number?
False
Is 37337845661 a prime number?
False
Is 32082585119 a composite number?
True
Is 2986032823 prime?
True
Is 2398597381 composite?
True
Is 2506379203 prime?
False
Is 154985137 a prime number?
False
Is 2837976529 a prime number?
True
Is 357001633 a prime number?
True
Is 3451662022 composite?
True
Is 2002785865 composite?
True
Is 1495897565 a composite number?
True
Is 631124441 a composite number?
False
Is 67084443427 a prime number?
False
Is 566927051 prime?
True
Is 36626144857 a prime number?
True
Is 2174099887 a prime number?
True
Is 68231843131 composite?
False
Is 10683079377 a composite number?
True
Is 7298380949 a composite number?
False
Is 86339081 prime?
False
Is 509909983 a prime number?
False
Is 76656788483 a composite number?
True
Is 33048338311 prime?
False
Is 128934599153 a composite number?
False
Is 457121299 prime?
True
Is 4880542829 prime?
False
Is 24587885533 a composite number?
True
Is 536551 a prime number?
False
Is 83399611 composite?
False
Is 5786218909 a prime number?
True
Is 199019377 composite?
True
Is 273145513 prime?
True
Is 1649756363 composite?
True
Is 15013262101 prime?
True
Is 3404207837 composite?
True
Is 1288261277 a prime number?
False
Is 1383148699 composite?
True
Is 303232067 prime?
False
Is 1855978739 a composite number?
True
Is 10024811999 a composite number?
False
Is 648069073 composite?
True
Is 7424517427 composite?
False
Is 75474885697 a prime number?
True
Is 13936011577 a prime number?
True
Is 1752258803 a prime number?
False
Is 4646366015 composite?
True
Is 1282578859 prime?
True
Is 2295550241 a composite number?
False
Is 3279368101 a composite number?
False
Is 4931800999 a prime number?
True
Is 5581846687 prime?
True
Is 14104253 a composite number?
False
Is 30722271009 composite?
True
Is 86025991 composite?
False
Is 87121648013 prime?
False
Is 1802660623 prime?
True
Is 10204067243 a prime number?
True
Is 260902385 a prime number?
False
Is 9180258187 prime?
False
Is 145117169 composite?
True
Is 19041318889 prime?
False
Is 175025427 a composite number?
True
Is 11043804961 a prime number?
False
Is 378448055 a composite number?
True
Is 38214949261 prime?
False
Is 17739776983 a prime number?
True
Is 183498169823 composite?
False
Is 37090260463 prime?
True
Is 3713616397 prime?
True
Is 1410513959 a prime number?
True
Is 411957389 a prime number?
True
Is 1369204013 a prime number?
True
Is 219582263 prime?
False
Is 16066934903 a composite number?
True
Is 3102211383 composite?
True
Is 7083297811 a prime number?
True
Is 13244152049 a composite number?
False
Is 87380609473 prime?
False
Is 786124441 a composite number?
False
Is 211910431 a prime number?
False
Is 509616559 a composite number?
False
Is 275971757 prime?
True
Is 1436468721 prime?
False
Is 49789867483 a prime number?
True
Is 679184267 a prime number?
True
Is 12096859 a composite number?
False
Is 1943562409 a composite number?
False
Is 1959580669 prime?
True
Is 47015602841 a prime number?
False
Is 1988345353 composite?
False
Is 13907290121 prime?
True
Is 3029662541 prime?
False
Is 65988202211 a prime number?
True
Is 183476537 prime?
True
Is 43491093883 prime?
True
Is 614002786 prime?
False
Is 19814837029 a composite number?
True
Is 2950768333 a composite number?
True
Is 119739795979 a prime number?
True
Is 654684289 composite?
True
Is 107216150869 a composite number?
True
Is 297408967 composite?
True
Is 12960289267 prime?
True
Is 3776957221 composite?
True
Is 340541953 prime?
True
Is 134256169391 composite?
False
Is 142331419229 a composite number?
False
Is 2002405831 a prime number?
False
Is 23835066049 a composite number?
True
Is 104755562677 prime?
True
Is 1283373781 a composite number?
False
Is 9599262167 prime?
False
Is 1273311817 a prime number?
True
Is 4373487197 composite?
False
Is 46990308713 composite?
False
Is 1676139919 composite?
True
Is 13487022917 composite?
False
Is 8201554657 prime?
True
Is 278266617433 a prime 